{"id":60,"date":"2024-08-15T18:38:13","date_gmt":"2024-08-15T16:38:13","guid":{"rendered":"https:\/\/betesalee.com\/?page_id=60"},"modified":"2024-12-17T11:48:35","modified_gmt":"2024-12-17T10:48:35","slug":"contact-booking","status":"publish","type":"page","link":"https:\/\/betesalee.com\/?page_id=60","title":{"rendered":"Contact\/info"},"content":{"rendered":"\n<p>Mail : <a href=\"mailto:contact@betesalee.com\">contact@betesalee.com<\/a><\/p>\n\n\n\n<p>Phone : +4179 813 60 03<\/p>\n\n\n\n<div class=\"wp-block-file\"><a id=\"wp-block-file--media-12c7be0f-4eef-417c-b2ea-2595a5330869\" href=\"https:\/\/betesalee.com\/wp-content\/uploads\/2024\/08\/BeteSalee_ficheTech_2024-1.pdf\">Download rider\/stageplan<\/a><a href=\"https:\/\/betesalee.com\/wp-content\/uploads\/2024\/08\/BeteSalee_ficheTech_2024-1.pdf\" class=\"wp-block-file__button wp-element-button\" download aria-describedby=\"wp-block-file--media-12c7be0f-4eef-417c-b2ea-2595a5330869\">T\u00e9l\u00e9charger<\/a><\/div>\n\n\n\n<div class=\"wp-block-file\"><a id=\"wp-block-file--media-a13505ce-ea49-4270-a17e-69e6db4cd788\" href=\"https:\/\/betesalee.com\/wp-content\/uploads\/2024\/08\/bete_salee_presskit_ENG.pdf\">Download presskit ENG<\/a><a href=\"https:\/\/betesalee.com\/wp-content\/uploads\/2024\/08\/bete_salee_presskit_ENG.pdf\" class=\"wp-block-file__button wp-element-button\" download aria-describedby=\"wp-block-file--media-a13505ce-ea49-4270-a17e-69e6db4cd788\">T\u00e9l\u00e9charger<\/a><\/div>\n\n\n\n<div class=\"wp-block-file\"><a id=\"wp-block-file--media-5ff5ef1b-3a2c-4a7d-ab77-45a5130200f7\" href=\"https:\/\/betesalee.com\/wp-content\/uploads\/2024\/12\/bete_salee_presskit_FR.docx\">T\u00e9l\u00e9charger le presskit fran\u00e7ais<\/a><a href=\"https:\/\/betesalee.com\/wp-content\/uploads\/2024\/12\/bete_salee_presskit_FR.docx\" class=\"wp-block-file__button wp-element-button\" download aria-describedby=\"wp-block-file--media-5ff5ef1b-3a2c-4a7d-ab77-45a5130200f7\">T\u00e9l\u00e9charger<\/a><\/div>\n\n\n\n<p><\/p>\n","protected":false},"excerpt":{"rendered":"<p>Mail : contact@betesalee.com Phone : +4179 813 60 03<\/p>\n","protected":false},"author":1,"featured_media":0,"parent":0,"menu_order":5,"comment_status":"closed","ping_status":"closed","template":"","meta":{"footnotes":""},"class_list":["post-60","page","type-page","status-publish","hentry"],"_links":{"self":[{"href":"https:\/\/betesalee.com\/index.php?rest_route=\/wp\/v2\/pages\/60","targetHints":{"allow":["GET"]}}],"collection":[{"href":"https:\/\/betesalee.com\/index.php?rest_route=\/wp\/v2\/pages"}],"about":[{"href":"https:\/\/betesalee.com\/index.php?rest_route=\/wp\/v2\/types\/page"}],"author":[{"embeddable":true,"href":"https:\/\/betesalee.com\/index.php?rest_route=\/wp\/v2\/users\/1"}],"replies":[{"embeddable":true,"href":"https:\/\/betesalee.com\/index.php?rest_route=%2Fwp%2Fv2%2Fcomments&post=60"}],"version-history":[{"count":9,"href":"https:\/\/betesalee.com\/index.php?rest_route=\/wp\/v2\/pages\/60\/revisions"}],"predecessor-version":[{"id":143,"href":"https:\/\/betesalee.com\/index.php?rest_route=\/wp\/v2\/pages\/60\/revisions\/143"}],"wp:attachment":[{"href":"https:\/\/betesalee.com\/index.php?rest_route=%2Fwp%2Fv2%2Fmedia&parent=60"}],"curies":[{"name":"wp","href":"https:\/\/api.w.org\/{rel}","templated":true}]}}